 digit of 7626?
7
What is the tens digit of 43408?
0
What is the units digit of 1888?
8
What is the tens digit of 4426?
2
What is the units digit of 214?
4
What is the thousands digit of 68361?
8
What is the units digit of 12224?
4
What is the hundreds digit of 4729?
7
What is the hundreds digit of 19014?
0
What is the tens digit of 1816?
1
What is the thousands digit of 5056?
5
What is the thousands digit of 1912?
1
What is the hundreds digit of 3284?
2
What is the units digit of 4517?
7
What is the tens digit of 632?
3
What is the units digit of 2949?
9
What is the tens digit of 487?
8
What is the hundreds digit of 33831?
8
What is the tens digit of 113602?
0
What is the tens digit of 39970?
7
What is the thousands digit of 1195?
1
What is the thousands digit of 3356?
3
What is the tens digit of 337?
3
What is the thousands digit of 30287?
0
What is the ten thousands digit of 39432?
3
What is the hundreds digit of 1054?
0
What is the units digit of 29984?
4
What is the tens digit of 945?
4
What is the hundreds digit of 2041?
0
What is the tens digit of 993?
9
What is the ten thousands digit of 30767?
3
What is the tens digit of 32059?
5
What is the thousands digit of 12612?
2
What is the units digit of 28564?
4
What is the hundreds digit of 1070?
0
What is the hundreds digit of 468?
4
What is the units digit of 5058?
8
What is the hundreds digit of 1168?
1
What is the units digit of 2903?
3
What is the tens digit of 6004?
0
What is the hundreds digit of 2621?
6
What is the hundreds digit of 603?
6
What is the hundreds digit of 8217?
2
What is the units digit of 8210?
0
What is the hundreds digit of 727?
7
What is the units digit of 43564?
4
What is the thousands digit of 7063?
7
What is the thousands digit of 72086?
2
What is the hundreds digit of 909?
9
What is the units digit of 54113?
3
What is the thousands digit of 26072?
6
What is the thousands digit of 6781?
6
What is the thousands digit of 4331?
4
What is the thousands digit of 11486?
1
What is the units digit of 611?
1
What is the units digit of 1318?
8
What is the units digit of 1537?
7
What is the units digit of 2231?
1
What is the thousands digit of 2730?
2
What is the units digit of 321?
1
What is the hundreds digit of 7128?
1
What is the tens digit of 2729?
2
What is the hundreds digit of 690?
6
What is the tens digit of 250?
5
What is the thousands digit of 23729?
3
What is the hundreds digit of 532?
5
What is the hundreds digit of 6213?
2
What is the units digit of 637?
7
What is the tens digit of 1382?
8
What is the units digit of 1513?
3
What is the hundreds digit of 1967?
9
What is the hundreds digit of 57659?
6
What is the tens digit of 516?
1
What is the hundreds digit of 8092?
0
What is the thousands digit of 1094?
1
What is the tens digit of 917?
1
What is the ten thousands digit of 46486?
4
What is the ten thousands digit of 13127?
1
What is the ten thousands digit of 10109?
1
What is the hundreds digit of 32260?
2
What is the tens digit of 15116?
1
What is the hundreds digit of 1216?
2
What is the thousands digit of 7080?
7
What is the units digit of 2834?
4
What is the hundreds digit of 172?
1
What is the hundreds digit of 2099?
0
What is the thousands digit of 10531?
0
What is the tens digit of 243?
4
What is the thousands digit of 52111?
2
What is the tens digit of 4455?
5
What is the tens digit of 164?
6
What is the thousands digit of 4385?
4
What is the units digit of 32232?
2
What is the thousands digit of 26991?
6
What is the tens digit of 15338?
3
What is the units digit of 11482?
2
What is the tens digit of 87059?
5
What is the tens digit of 484?
8
What is the ten thousands digit of 19275?
1
What is the tens digit of 8854?
5
What is the hundreds digit of 562?
5
What is the units digit of 959?
9
What is the hundreds digit of 1648?
6
What is the thousands digit of 39310?
9
What is the ten thousands digit of 23628?
2
What is the units digit of 721?
1
What is the units digit of 9163?
3
What is the hundreds digit of 50954?
9
What is the tens digit of 2176?
7
What is the tens digit of 5128?
2
What is the units digit of 388?
8
What is the units digit of 3753?
3
What is the units digit of 4417?
7
What is the units digit of 16243?
3
What is the units digit of 76122?
2
What is the units digit of 7758?
8
What is the thousands digit of 26898?
6
What is the units digit of 3354?
4
What is the tens digit of 84808?
0
What is the units digit of 9347?
7
What is the hundreds digit of 112?
1
What is the units digit of 5082?
2
What is the tens digit of 26974?
7
What is the hundreds digit of 6639?
6
What is the tens digit of 25944?
4
What is the ten thousands digit of 42835?
4
What is the tens digit of 16?
1
What is the units digit of 95?
5
What is the ten thousands digit of 14234?
1
What is the tens digit of 895?
9
What is the tens digit of 5398?
9
What is the thousands digit of 14980?
4
What is the hundreds digit of 149?
1
What is the units digit of 6624?
4
What is the hundreds digit of 60554?
5
What is the units digit of 536?
6
What is the tens digit of 4635?
3
What is the units digit of 16324?
4
What is the thousands digit of 27134?
7
What is the tens digit of 72742?
4
What is the units digit of 11555?
5
What is the ten thousands digit of 10422?
1
What is the units digit of 309?
9
What is the thousands digit of 11988?
1
What is the hundreds digit of 1190?
1
What is the tens digit of 2228?
2
What is the hundreds digit of 652?
6
What is the ten thousands digit of 33826?
3
What is the hundreds digit of 54831?
8
What is the ten thousands digit of 90593?
9
What is the thousands digit of 59948?
9
What is the hundreds digit of 2924?
9
What is the hundreds digit of 35424?
4
What is the thousands digit of 45407?
5
What is the ten thousands digit of 102532?
0
What is the thousands digit of 6648?
6
What is the hundreds digit of 2135?
1
What is the thousands digit of 2961?
2
What is the thousands digit of 25927?
5
What is the hundreds digit of 7582?
5
What is the hundreds digit of 3036?
0
What is the hundreds digit of 3122?
1
What is the tens digit of 1451?
5
What is the hundreds digit of 598?
5
What is the units digit of 20?
0
What is the units digit of 20?
0
What is the units digit of 8248?
8
What is the hundreds digit of 5335?
3
What is the hundreds digit of 3535?
5
What is the units digit of 401?
1
What is the units digit of 1934?
4
What is the hundred thousands digit of 120218?
1
What is the thousands digit of 2983?
2
What is the thousands digit of 82711?
2
What is the hundreds digit of 6947?
9
What is the units digit of 377?
7
What is the tens digit of 1319?
1
What is the tens digit of 1569?
6
What is the thousands digit of 7702?
7
What is the units digit of 48900?
0
What is the thousands digit of 35306?
5
What is the hundreds digit of 68525?
5
What is the thousands digit of 4732?
4
What is the units digit of 3456?
6
What is the units digit of 1198?
8
What is the tens digit of 2792?
9
What is the thousands digit of 79551?
9
What is the ten thousands digit of 45778?
4
What is the tens digit of 9776?
7
What is the units digit of 639?
9
What is the hundreds digit of 25336?
3
What is the hundreds digit of 52981?
9
What is the tens digit of 394?
9
What is the tens digit of 208?
0
What is the thousands digit of 2073?
2
What is the hundreds digit of 3913?
9
What is the hundreds digit of 5836?
8
What is the units digit of 2770?
0
What is the hundreds digit of 2347?
3
What is the units digit of 2643?
3
What is the units digit of 3205?
5
What is the tens digit of 2299?
9
What is the ten thousands digit of 16268?
1
What is the thousands digit of 7915?
7
What is the tens digit of 6023?
2
What is the thousands digit of 1532?
1
What is the units digit of 14244?
4
What is the units digit of 1313?
3
What is the thousands digit of 86461?
6
What is the thousands digit of 119291?
9
What is the hundreds digit of 944?
9
What is the thousands digit of 8502?
8
What is the tens digit of 40059?
5
What is the tens digit of 149?
4
What is the thousands digit of 49977?
9
What is the hundreds digit of 34394?
3
What is the hundreds digit of 71058?
0
What is the tens digit of 284?
8
What is the ten thousands digit of 25216?
2
What is the thousands digit of 25135?
5
What is the units digit of 845?
5
What is 